{"id":2385,"date":"2025-10-21T18:18:15","date_gmt":"2025-10-21T16:18:15","guid":{"rendered":"https:\/\/observatorio.clusteraudiovisualmadrid.es\/?post_type=tribe_events&#038;p=2385"},"modified":"2025-10-21T18:18:15","modified_gmt":"2025-10-21T16:18:15","slug":"xii-edicion-premios-dias-de-cine-2024","status":"publish","type":"tribe_events","link":"https:\/\/observatorio.clusteraudiovisualmadrid.es\/en\/evento\/xii-edicion-premios-dias-de-cine-2024\/","title":{"rendered":"XII edici\u00f3n Premios D\u00edas de Cine 2024"},"content":{"rendered":"<p>Los Premios D\u00edas de Cine son galardones anuales entregados por el programa de RTVE \u00abD\u00edas de Cine\u00bb para reconocer lo mejor del cine espa\u00f1ol e internacional del a\u00f1o anterior. Cada a\u00f1o, el equipo del programa elabora listas y entrega premios en diversas categor\u00edas, que incluyen mejor pel\u00edcula espa\u00f1ola e internacional, mejores actores y actrices, y premios especiales como \u00abEl Futuro es Mujer\u00bb o \u00abEl Resplandor\u00bb. La gala de entrega se retransmite en directo a trav\u00e9s de RTVE Play y posteriormente en La 2.<\/p>\n","protected":false},"excerpt":{"rendered":"<p>Los Premios D\u00edas de Cine son galardones anuales entregados por el programa de RTVE \u00abD\u00edas de Cine\u00bb para reconocer lo mejor del cine espa\u00f1ol e internacional del a\u00f1o anterior. Cada [&hellip;]<\/p>\n","protected":false},"author":4,"featured_media":2386,"template":"","meta":{"_tribe_events_status":"","_tribe_events_status_reason":"","footnotes":""},"tags":[22,72],"tribe_events_cat":[7],"class_list":["post-2385","tribe_events","type-tribe_events","status-publish","has-post-thumbnail","hentry","tag-cine","tag-premios","tribe_events_cat-premios","cat_premios"],"yoast_head":"<!-- This site is optimized with the Yoast SEO plugin v27.3 - https:\/\/yoast.com\/product\/yoast-seo-wordpress\/ -->\n<title>XII edici\u00f3n Premios D\u00edas de Cine 2024 - Observatorio Cl\u00faster Audiovisual Madrid<\/title>\n<meta name=\"robots\" content=\"index, follow, max-snippet:-1, max-image-preview:large, max-video-preview:-1\" \/>\n<link rel=\"canonical\" href=\"https:\/\/observatorio.clusteraudiovisualmadrid.es\/evento\/xii-edicion-premios-dias-de-cine-2024\/\" \/>\n<meta property=\"og:locale\" content=\"en_US\" \/>\n<meta property=\"og:type\" content=\"article\" \/>\n<meta property=\"og:title\" content=\"XII edici\u00f3n Premios D\u00edas de Cine 2024 - Observatorio Cl\u00faster Audiovisual Madrid\" \/>\n<meta property=\"og:description\" content=\"Los Premios D\u00edas de Cine son galardones anuales entregados por el programa de RTVE \u00abD\u00edas de Cine\u00bb para reconocer lo mejor del cine espa\u00f1ol e internacional del a\u00f1o anterior. Cada [&hellip;]\" \/>\n<meta property=\"og:url\" content=\"https:\/\/observatorio.clusteraudiovisualmadrid.es\/evento\/xii-edicion-premios-dias-de-cine-2024\/\" \/>\n<meta property=\"og:site_name\" content=\"Observatorio Cl\u00faster Audiovisual Madrid\" \/>\n<meta property=\"og:image\" content=\"https:\/\/observatorio.clusteraudiovisualmadrid.es\/wp-content\/uploads\/2025\/10\/logo-premios-diasdc-2025.jpg\" \/>\n\t<meta property=\"og:image:width\" content=\"300\" \/>\n\t<meta property=\"og:image:height\" content=\"300\" \/>\n\t<meta property=\"og:image:type\" content=\"image\/jpeg\" \/>\n<meta name=\"twitter:card\" content=\"summary_large_image\" \/>\n<script type=\"application\/ld+json\" class=\"yoast-schema-graph\">{\"@context\":\"https:\\\/\\\/schema.org\",\"@graph\":[{\"@type\":\"WebPage\",\"@id\":\"https:\\\/\\\/observatorio.clusteraudiovisualmadrid.es\\\/evento\\\/xii-edicion-premios-dias-de-cine-2024\\\/\",\"url\":\"https:\\\/\\\/observatorio.clusteraudiovisualmadrid.es\\\/evento\\\/xii-edicion-premios-dias-de-cine-2024\\\/\",\"name\":\"XII edici\u00f3n Premios D\u00edas de Cine 2024 - Observatorio Cl\u00faster Audiovisual Madrid\",\"isPartOf\":{\"@id\":\"https:\\\/\\\/observatorio.clusteraudiovisualmadrid.es\\\/#website\"},\"primaryImageOfPage\":{\"@id\":\"https:\\\/\\\/observatorio.clusteraudiovisualmadrid.es\\\/evento\\\/xii-edicion-premios-dias-de-cine-2024\\\/#primaryimage\"},\"image\":{\"@id\":\"https:\\\/\\\/observatorio.clusteraudiovisualmadrid.es\\\/evento\\\/xii-edicion-premios-dias-de-cine-2024\\\/#primaryimage\"},\"thumbnailUrl\":\"https:\\\/\\\/observatorio.clusteraudiovisualmadrid.es\\\/wp-content\\\/uploads\\\/2025\\\/10\\\/logo-premios-diasdc-2025.jpg\",\"datePublished\":\"2025-10-21T16:18:15+00:00\",\"breadcrumb\":{\"@id\":\"https:\\\/\\\/observatorio.clusteraudiovisualmadrid.es\\\/evento\\\/xii-edicion-premios-dias-de-cine-2024\\\/#breadcrumb\"},\"inLanguage\":\"en-US\",\"potentialAction\":[{\"@type\":\"ReadAction\",\"target\":[\"https:\\\/\\\/observatorio.clusteraudiovisualmadrid.es\\\/evento\\\/xii-edicion-premios-dias-de-cine-2024\\\/\"]}]},{\"@type\":\"ImageObject\",\"inLanguage\":\"en-US\",\"@id\":\"https:\\\/\\\/observatorio.clusteraudiovisualmadrid.es\\\/evento\\\/xii-edicion-premios-dias-de-cine-2024\\\/#primaryimage\",\"url\":\"https:\\\/\\\/observatorio.clusteraudiovisualmadrid.es\\\/wp-content\\\/uploads\\\/2025\\\/10\\\/logo-premios-diasdc-2025.jpg\",\"contentUrl\":\"https:\\\/\\\/observatorio.clusteraudiovisualmadrid.es\\\/wp-content\\\/uploads\\\/2025\\\/10\\\/logo-premios-diasdc-2025.jpg\",\"width\":300,\"height\":300},{\"@type\":\"BreadcrumbList\",\"@id\":\"https:\\\/\\\/observatorio.clusteraudiovisualmadrid.es\\\/evento\\\/xii-edicion-premios-dias-de-cine-2024\\\/#breadcrumb\",\"itemListElement\":[{\"@type\":\"ListItem\",\"position\":1,\"name\":\"Portada\",\"item\":\"https:\\\/\\\/observatorio.clusteraudiovisualmadrid.es\\\/\"},{\"@type\":\"ListItem\",\"position\":2,\"name\":\"Eventos\",\"item\":\"https:\\\/\\\/observatorio.clusteraudiovisualmadrid.es\\\/eventos\\\/\"},{\"@type\":\"ListItem\",\"position\":3,\"name\":\"XII edici\u00f3n Premios D\u00edas de Cine 2024\"}]},{\"@type\":\"WebSite\",\"@id\":\"https:\\\/\\\/observatorio.clusteraudiovisualmadrid.es\\\/#website\",\"url\":\"https:\\\/\\\/observatorio.clusteraudiovisualmadrid.es\\\/\",\"name\":\"Observatorio Cl\u00faster Audiovisual Madrid\",\"description\":\"\",\"publisher\":{\"@id\":\"https:\\\/\\\/observatorio.clusteraudiovisualmadrid.es\\\/#organization\"},\"potentialAction\":[{\"@type\":\"SearchAction\",\"target\":{\"@type\":\"EntryPoint\",\"urlTemplate\":\"https:\\\/\\\/observatorio.clusteraudiovisualmadrid.es\\\/?s={search_term_string}\"},\"query-input\":{\"@type\":\"PropertyValueSpecification\",\"valueRequired\":true,\"valueName\":\"search_term_string\"}}],\"inLanguage\":\"en-US\"},{\"@type\":\"Organization\",\"@id\":\"https:\\\/\\\/observatorio.clusteraudiovisualmadrid.es\\\/#organization\",\"name\":\"Observatorio Cl\u00faster Audiovisual Madrid\",\"url\":\"https:\\\/\\\/observatorio.clusteraudiovisualmadrid.es\\\/\",\"logo\":{\"@type\":\"ImageObject\",\"inLanguage\":\"en-US\",\"@id\":\"https:\\\/\\\/observatorio.clusteraudiovisualmadrid.es\\\/#\\\/schema\\\/logo\\\/image\\\/\",\"url\":\"https:\\\/\\\/observatorio.clusteraudiovisualmadrid.es\\\/wp-content\\\/uploads\\\/2025\\\/09\\\/cropped-cropped-logo-Observatorio-Horizontal.png\",\"contentUrl\":\"https:\\\/\\\/observatorio.clusteraudiovisualmadrid.es\\\/wp-content\\\/uploads\\\/2025\\\/09\\\/cropped-cropped-logo-Observatorio-Horizontal.png\",\"width\":695,\"height\":359,\"caption\":\"Observatorio Cl\u00faster Audiovisual Madrid\"},\"image\":{\"@id\":\"https:\\\/\\\/observatorio.clusteraudiovisualmadrid.es\\\/#\\\/schema\\\/logo\\\/image\\\/\"}}]}<\/script>\n<!-- \/ Yoast SEO plugin. -->","yoast_head_json":{"title":"XII edici\u00f3n Premios D\u00edas de Cine 2024 - Observatorio Cl\u00faster Audiovisual Madrid","robots":{"index":"index","follow":"follow","max-snippet":"max-snippet:-1","max-image-preview":"max-image-preview:large","max-video-preview":"max-video-preview:-1"},"canonical":"https:\/\/observatorio.clusteraudiovisualmadrid.es\/evento\/xii-edicion-premios-dias-de-cine-2024\/","og_locale":"en_US","og_type":"article","og_title":"XII edici\u00f3n Premios D\u00edas de Cine 2024 - Observatorio Cl\u00faster Audiovisual Madrid","og_description":"Los Premios D\u00edas de Cine son galardones anuales entregados por el programa de RTVE \u00abD\u00edas de Cine\u00bb para reconocer lo mejor del cine espa\u00f1ol e internacional del a\u00f1o anterior. Cada [&hellip;]","og_url":"https:\/\/observatorio.clusteraudiovisualmadrid.es\/evento\/xii-edicion-premios-dias-de-cine-2024\/","og_site_name":"Observatorio Cl\u00faster Audiovisual Madrid","og_image":[{"width":300,"height":300,"url":"https:\/\/observatorio.clusteraudiovisualmadrid.es\/wp-content\/uploads\/2025\/10\/logo-premios-diasdc-2025.jpg","type":"image\/jpeg"}],"twitter_card":"summary_large_image","schema":{"@context":"https:\/\/schema.org","@graph":[{"@type":"WebPage","@id":"https:\/\/observatorio.clusteraudiovisualmadrid.es\/evento\/xii-edicion-premios-dias-de-cine-2024\/","url":"https:\/\/observatorio.clusteraudiovisualmadrid.es\/evento\/xii-edicion-premios-dias-de-cine-2024\/","name":"XII edici\u00f3n Premios D\u00edas de Cine 2024 - Observatorio Cl\u00faster Audiovisual Madrid","isPartOf":{"@id":"https:\/\/observatorio.clusteraudiovisualmadrid.es\/#website"},"primaryImageOfPage":{"@id":"https:\/\/observatorio.clusteraudiovisualmadrid.es\/evento\/xii-edicion-premios-dias-de-cine-2024\/#primaryimage"},"image":{"@id":"https:\/\/observatorio.clusteraudiovisualmadrid.es\/evento\/xii-edicion-premios-dias-de-cine-2024\/#primaryimage"},"thumbnailUrl":"https:\/\/observatorio.clusteraudiovisualmadrid.es\/wp-content\/uploads\/2025\/10\/logo-premios-diasdc-2025.jpg","datePublished":"2025-10-21T16:18:15+00:00","breadcrumb":{"@id":"https:\/\/observatorio.clusteraudiovisualmadrid.es\/evento\/xii-edicion-premios-dias-de-cine-2024\/#breadcrumb"},"inLanguage":"en-US","potentialAction":[{"@type":"ReadAction","target":["https:\/\/observatorio.clusteraudiovisualmadrid.es\/evento\/xii-edicion-premios-dias-de-cine-2024\/"]}]},{"@type":"ImageObject","inLanguage":"en-US","@id":"https:\/\/observatorio.clusteraudiovisualmadrid.es\/evento\/xii-edicion-premios-dias-de-cine-2024\/#primaryimage","url":"https:\/\/observatorio.clusteraudiovisualmadrid.es\/wp-content\/uploads\/2025\/10\/logo-premios-diasdc-2025.jpg","contentUrl":"https:\/\/observatorio.clusteraudiovisualmadrid.es\/wp-content\/uploads\/2025\/10\/logo-premios-diasdc-2025.jpg","width":300,"height":300},{"@type":"BreadcrumbList","@id":"https:\/\/observatorio.clusteraudiovisualmadrid.es\/evento\/xii-edicion-premios-dias-de-cine-2024\/#breadcrumb","itemListElement":[{"@type":"ListItem","position":1,"name":"Portada","item":"https:\/\/observatorio.clusteraudiovisualmadrid.es\/"},{"@type":"ListItem","position":2,"name":"Eventos","item":"https:\/\/observatorio.clusteraudiovisualmadrid.es\/eventos\/"},{"@type":"ListItem","position":3,"name":"XII edici\u00f3n Premios D\u00edas de Cine 2024"}]},{"@type":"WebSite","@id":"https:\/\/observatorio.clusteraudiovisualmadrid.es\/#website","url":"https:\/\/observatorio.clusteraudiovisualmadrid.es\/","name":"Observatorio Cl\u00faster Audiovisual Madrid","description":"","publisher":{"@id":"https:\/\/observatorio.clusteraudiovisualmadrid.es\/#organization"},"potentialAction":[{"@type":"SearchAction","target":{"@type":"EntryPoint","urlTemplate":"https:\/\/observatorio.clusteraudiovisualmadrid.es\/?s={search_term_string}"},"query-input":{"@type":"PropertyValueSpecification","valueRequired":true,"valueName":"search_term_string"}}],"inLanguage":"en-US"},{"@type":"Organization","@id":"https:\/\/observatorio.clusteraudiovisualmadrid.es\/#organization","name":"Observatorio Cl\u00faster Audiovisual Madrid","url":"https:\/\/observatorio.clusteraudiovisualmadrid.es\/","logo":{"@type":"ImageObject","inLanguage":"en-US","@id":"https:\/\/observatorio.clusteraudiovisualmadrid.es\/#\/schema\/logo\/image\/","url":"https:\/\/observatorio.clusteraudiovisualmadrid.es\/wp-content\/uploads\/2025\/09\/cropped-cropped-logo-Observatorio-Horizontal.png","contentUrl":"https:\/\/observatorio.clusteraudiovisualmadrid.es\/wp-content\/uploads\/2025\/09\/cropped-cropped-logo-Observatorio-Horizontal.png","width":695,"height":359,"caption":"Observatorio Cl\u00faster Audiovisual Madrid"},"image":{"@id":"https:\/\/observatorio.clusteraudiovisualmadrid.es\/#\/schema\/logo\/image\/"}}]}},"_links":{"self":[{"href":"https:\/\/observatorio.clusteraudiovisualmadrid.es\/en\/wp-json\/wp\/v2\/tribe_events\/2385","targetHints":{"allow":["GET"]}}],"collection":[{"href":"https:\/\/observatorio.clusteraudiovisualmadrid.es\/en\/wp-json\/wp\/v2\/tribe_events"}],"about":[{"href":"https:\/\/observatorio.clusteraudiovisualmadrid.es\/en\/wp-json\/wp\/v2\/types\/tribe_events"}],"author":[{"embeddable":true,"href":"https:\/\/observatorio.clusteraudiovisualmadrid.es\/en\/wp-json\/wp\/v2\/users\/4"}],"version-history":[{"count":1,"href":"https:\/\/observatorio.clusteraudiovisualmadrid.es\/en\/wp-json\/wp\/v2\/tribe_events\/2385\/revisions"}],"predecessor-version":[{"id":2388,"href":"https:\/\/observatorio.clusteraudiovisualmadrid.es\/en\/wp-json\/wp\/v2\/tribe_events\/2385\/revisions\/2388"}],"wp:featuredmedia":[{"embeddable":true,"href":"https:\/\/observatorio.clusteraudiovisualmadrid.es\/en\/wp-json\/wp\/v2\/media\/2386"}],"wp:attachment":[{"href":"https:\/\/observatorio.clusteraudiovisualmadrid.es\/en\/wp-json\/wp\/v2\/media?parent=2385"}],"wp:term":[{"taxonomy":"post_tag","embeddable":true,"href":"https:\/\/observatorio.clusteraudiovisualmadrid.es\/en\/wp-json\/wp\/v2\/tags?post=2385"},{"taxonomy":"tribe_events_cat","embeddable":true,"href":"https:\/\/observatorio.clusteraudiovisualmadrid.es\/en\/wp-json\/wp\/v2\/tribe_events_cat?post=2385"}],"curies":[{"name":"wp","href":"https:\/\/api.w.org\/{rel}","templated":true}]}}

XII edición Premios Días de Cine 2024

<p>Los Premios Días de Cine son galardones anuales entregados por el programa de RTVE «Días de Cine» para reconocer lo mejor del cine español e internacional del año anterior. Cada año, el equipo del programa elabora listas y entrega premios en diversas categorías, que incluyen mejor película española e internacional, mejores actores y actrices, y premios especiales como «El Futuro es Mujer» o «El Resplandor». La gala de entrega se retransmite en directo a través de RTVE Play y posteriormente en La 2.</p>

<p>Los Premios Días de Cine son galardones anuales entregados por el programa de RTVE «Días de Cine» para reconocer lo mejor del cine español e internacional del año anterior. Cada [&hellip;]</p>

<!-- This site is optimized with the Yoast SEO plugin v27.3 - https://yoast.com/product/yoast-seo-wordpress/ -->
<title>XII edición Premios Días de Cine 2024 - Observatorio Clúster Audiovisual Madrid</title>
<meta name="robots" content="index, follow, max-snippet:-1, max-image-preview:large, max-video-preview:-1" />
<link rel="canonical" href="https://observatorio.clusteraudiovisualmadrid.es/evento/xii-edicion-premios-dias-de-cine-2024/" />
<meta property="og:locale" content="en_US" />
<meta property="og:type" content="article" />
<meta property="og:title" content="XII edición Premios Días de Cine 2024 - Observatorio Clúster Audiovisual Madrid" />
<meta property="og:description" content="Los Premios Días de Cine son galardones anuales entregados por el programa de RTVE «Días de Cine» para reconocer lo mejor del cine español e internacional del año anterior. Cada [&hellip;]" />
<meta property="og:url" content="https://observatorio.clusteraudiovisualmadrid.es/evento/xii-edicion-premios-dias-de-cine-2024/" />
<meta property="og:site_name" content="Observatorio Clúster Audiovisual Madrid" />
<meta property="og:image" content="https://observatorio.clusteraudiovisualmadrid.es/wp-content/uploads/2025/10/logo-premios-diasdc-2025.jpg" />
	<meta property="og:image:width" content="300" />
	<meta property="og:image:height" content="300" />
	<meta property="og:image:type" content="image/jpeg" />
<meta name="twitter:card" content="summary_large_image" />
<script type="application/ld+json" class="yoast-schema-graph">{"@context":"https:\/\/schema.org","@graph":[{"@type":"WebPage","@id":"https:\/\/observatorio.clusteraudiovisualmadrid.es\/evento\/xii-edicion-premios-dias-de-cine-2024\/","url":"https:\/\/observatorio.clusteraudiovisualmadrid.es\/evento\/xii-edicion-premios-dias-de-cine-2024\/","name":"XII edición Premios Días de Cine 2024 - Observatorio Clúster Audiovisual Madrid","isPartOf":{"@id":"https:\/\/observatorio.clusteraudiovisualmadrid.es\/#website"},"primaryImageOfPage":{"@id":"https:\/\/observatorio.clusteraudiovisualmadrid.es\/evento\/xii-edicion-premios-dias-de-cine-2024\/#primaryimage"},"image":{"@id":"https:\/\/observatorio.clusteraudiovisualmadrid.es\/evento\/xii-edicion-premios-dias-de-cine-2024\/#primaryimage"},"thumbnailUrl":"https:\/\/observatorio.clusteraudiovisualmadrid.es\/wp-content\/uploads\/2025\/10\/logo-premios-diasdc-2025.jpg","datePublished":"2025-10-21T16:18:15+00:00","breadcrumb":{"@id":"https:\/\/observatorio.clusteraudiovisualmadrid.es\/evento\/xii-edicion-premios-dias-de-cine-2024\/#breadcrumb"},"inLanguage":"en-US","potentialAction":[{"@type":"ReadAction","target":["https:\/\/observatorio.clusteraudiovisualmadrid.es\/evento\/xii-edicion-premios-dias-de-cine-2024\/"]}]},{"@type":"ImageObject","inLanguage":"en-US","@id":"https:\/\/observatorio.clusteraudiovisualmadrid.es\/evento\/xii-edicion-premios-dias-de-cine-2024\/#primaryimage","url":"https:\/\/observatorio.clusteraudiovisualmadrid.es\/wp-content\/uploads\/2025\/10\/logo-premios-diasdc-2025.jpg","contentUrl":"https:\/\/observatorio.clusteraudiovisualmadrid.es\/wp-content\/uploads\/2025\/10\/logo-premios-diasdc-2025.jpg","width":300,"height":300},{"@type":"BreadcrumbList","@id":"https:\/\/observatorio.clusteraudiovisualmadrid.es\/evento\/xii-edicion-premios-dias-de-cine-2024\/#breadcrumb","itemListElement":[{"@type":"ListItem","position":1,"name":"Portada","item":"https:\/\/observatorio.clusteraudiovisualmadrid.es\/"},{"@type":"ListItem","position":2,"name":"Eventos","item":"https:\/\/observatorio.clusteraudiovisualmadrid.es\/eventos\/"},{"@type":"ListItem","position":3,"name":"XII edición Premios Días de Cine 2024"}]},{"@type":"WebSite","@id":"https:\/\/observatorio.clusteraudiovisualmadrid.es\/#website","url":"https:\/\/observatorio.clusteraudiovisualmadrid.es\/","name":"Observatorio Clúster Audiovisual Madrid","description":"","publisher":{"@id":"https:\/\/observatorio.clusteraudiovisualmadrid.es\/#organization"},"potentialAction":[{"@type":"SearchAction","target":{"@type":"EntryPoint","urlTemplate":"https:\/\/observatorio.clusteraudiovisualmadrid.es\/?s={search_term_string}"},"query-input":{"@type":"PropertyValueSpecification","valueRequired":true,"valueName":"search_term_string"}}],"inLanguage":"en-US"},{"@type":"Organization","@id":"https:\/\/observatorio.clusteraudiovisualmadrid.es\/#organization","name":"Observatorio Clúster Audiovisual Madrid","url":"https:\/\/observatorio.clusteraudiovisualmadrid.es\/","logo":{"@type":"ImageObject","inLanguage":"en-US","@id":"https:\/\/observatorio.clusteraudiovisualmadrid.es\/#\/schema\/logo\/image\/","url":"https:\/\/observatorio.clusteraudiovisualmadrid.es\/wp-content\/uploads\/2025\/09\/cropped-cropped-logo-Observatorio-Horizontal.png","contentUrl":"https:\/\/observatorio.clusteraudiovisualmadrid.es\/wp-content\/uploads\/2025\/09\/cropped-cropped-logo-Observatorio-Horizontal.png","width":695,"height":359,"caption":"Observatorio Clúster Audiovisual Madrid"},"image":{"@id":"https:\/\/observatorio.clusteraudiovisualmadrid.es\/#\/schema\/logo\/image\/"}}]}</script>
<!-- / Yoast SEO plugin. -->

XII edición Premios Días de Cine 2024 - Observatorio Clúster Audiovisual Madrid

Los Premios Días de Cine son galardones anuales entregados por el programa de RTVE «Días de Cine» para reconocer lo mejor del cine español e internacional del año anterior. Cada [&hellip;]

Observatorio Clúster Audiovisual Madrid
