{"id":678,"date":"2025-09-15T13:11:36","date_gmt":"2025-09-15T11:11:36","guid":{"rendered":"https:\/\/observatorio.clusteraudiovisualmadrid.es\/?post_type=tribe_events&#038;p=678"},"modified":"2025-09-15T13:11:36","modified_gmt":"2025-09-15T11:11:36","slug":"premios-talento-2024","status":"publish","type":"tribe_events","link":"https:\/\/observatorio.clusteraudiovisualmadrid.es\/en\/evento\/premios-talento-2024\/","title":{"rendered":"Premios Talento 2024"},"content":{"rendered":"<p><span data-sheets-root=\"1\">Los Premios Talento, constituidos por la Academia de Televisi\u00f3n y de las Ciencias y las Artes del Audiovisual, reconocen el trabajo de aquellos profesionales dedicados al medio, cuya labor entre bastidores, detr\u00e1s de la c\u00e1mara, haya resultado merecedora del reconocimiento p\u00fablico. Los galardones se conceden anualmente a estos profesionales, con la virtud de ser propuestos por sus compa\u00f1eros de profesi\u00f3n. (Fuente: AcademiaTV)<\/span><\/p>\n","protected":false},"excerpt":{"rendered":"<p>Los Premios Talento, constituidos por la Academia de Televisi\u00f3n y de las Ciencias y las Artes del Audiovisual, reconocen el trabajo de aquellos profesionales dedicados al medio, cuya labor entre [&hellip;]<\/p>\n","protected":false},"author":1,"featured_media":195,"template":"","meta":{"_tribe_events_status":"","_tribe_events_status_reason":"","footnotes":""},"tags":[72,80],"tribe_events_cat":[7],"class_list":["post-678","tribe_events","type-tribe_events","status-publish","has-post-thumbnail","hentry","tag-premios","tag-television","tribe_events_cat-premios","cat_premios"],"yoast_head":"<!-- This site is optimized with the Yoast SEO plugin v27.3 - https:\/\/yoast.com\/product\/yoast-seo-wordpress\/ -->\n<title>Premios Talento 2024 - Observatorio Cl\u00faster Audiovisual Madrid<\/title>\n<meta name=\"robots\" content=\"index, follow, max-snippet:-1, max-image-preview:large, max-video-preview:-1\" \/>\n<link rel=\"canonical\" href=\"https:\/\/observatorio.clusteraudiovisualmadrid.es\/evento\/premios-talento-2024\/\" \/>\n<meta property=\"og:locale\" content=\"en_US\" \/>\n<meta property=\"og:type\" content=\"article\" \/>\n<meta property=\"og:title\" content=\"Premios Talento 2024 - Observatorio Cl\u00faster Audiovisual Madrid\" \/>\n<meta property=\"og:description\" content=\"Los Premios Talento, constituidos por la Academia de Televisi\u00f3n y de las Ciencias y las Artes del Audiovisual, reconocen el trabajo de aquellos profesionales dedicados al medio, cuya labor entre [&hellip;]\" \/>\n<meta property=\"og:url\" content=\"https:\/\/observatorio.clusteraudiovisualmadrid.es\/evento\/premios-talento-2024\/\" \/>\n<meta property=\"og:site_name\" content=\"Observatorio Cl\u00faster Audiovisual Madrid\" \/>\n<meta property=\"og:image\" content=\"https:\/\/observatorio.clusteraudiovisualmadrid.es\/wp-content\/uploads\/2025\/09\/logo-premios-talento-2025.jpg\" \/>\n\t<meta property=\"og:image:width\" content=\"300\" \/>\n\t<meta property=\"og:image:height\" content=\"300\" \/>\n\t<meta property=\"og:image:type\" content=\"image\/jpeg\" \/>\n<meta name=\"twitter:card\" content=\"summary_large_image\" \/>\n<script type=\"application\/ld+json\" class=\"yoast-schema-graph\">{\"@context\":\"https:\\\/\\\/schema.org\",\"@graph\":[{\"@type\":\"WebPage\",\"@id\":\"https:\\\/\\\/observatorio.clusteraudiovisualmadrid.es\\\/evento\\\/premios-talento-2024\\\/\",\"url\":\"https:\\\/\\\/observatorio.clusteraudiovisualmadrid.es\\\/evento\\\/premios-talento-2024\\\/\",\"name\":\"Premios Talento 2024 - Observatorio Cl\u00faster Audiovisual Madrid\",\"isPartOf\":{\"@id\":\"https:\\\/\\\/observatorio.clusteraudiovisualmadrid.es\\\/#website\"},\"primaryImageOfPage\":{\"@id\":\"https:\\\/\\\/observatorio.clusteraudiovisualmadrid.es\\\/evento\\\/premios-talento-2024\\\/#primaryimage\"},\"image\":{\"@id\":\"https:\\\/\\\/observatorio.clusteraudiovisualmadrid.es\\\/evento\\\/premios-talento-2024\\\/#primaryimage\"},\"thumbnailUrl\":\"https:\\\/\\\/observatorio.clusteraudiovisualmadrid.es\\\/wp-content\\\/uploads\\\/2025\\\/09\\\/logo-premios-talento-2025.jpg\",\"datePublished\":\"2025-09-15T11:11:36+00:00\",\"breadcrumb\":{\"@id\":\"https:\\\/\\\/observatorio.clusteraudiovisualmadrid.es\\\/evento\\\/premios-talento-2024\\\/#breadcrumb\"},\"inLanguage\":\"en-US\",\"potentialAction\":[{\"@type\":\"ReadAction\",\"target\":[\"https:\\\/\\\/observatorio.clusteraudiovisualmadrid.es\\\/evento\\\/premios-talento-2024\\\/\"]}]},{\"@type\":\"ImageObject\",\"inLanguage\":\"en-US\",\"@id\":\"https:\\\/\\\/observatorio.clusteraudiovisualmadrid.es\\\/evento\\\/premios-talento-2024\\\/#primaryimage\",\"url\":\"https:\\\/\\\/observatorio.clusteraudiovisualmadrid.es\\\/wp-content\\\/uploads\\\/2025\\\/09\\\/logo-premios-talento-2025.jpg\",\"contentUrl\":\"https:\\\/\\\/observatorio.clusteraudiovisualmadrid.es\\\/wp-content\\\/uploads\\\/2025\\\/09\\\/logo-premios-talento-2025.jpg\",\"width\":300,\"height\":300},{\"@type\":\"BreadcrumbList\",\"@id\":\"https:\\\/\\\/observatorio.clusteraudiovisualmadrid.es\\\/evento\\\/premios-talento-2024\\\/#breadcrumb\",\"itemListElement\":[{\"@type\":\"ListItem\",\"position\":1,\"name\":\"Portada\",\"item\":\"https:\\\/\\\/observatorio.clusteraudiovisualmadrid.es\\\/\"},{\"@type\":\"ListItem\",\"position\":2,\"name\":\"Eventos\",\"item\":\"https:\\\/\\\/observatorio.clusteraudiovisualmadrid.es\\\/eventos\\\/\"},{\"@type\":\"ListItem\",\"position\":3,\"name\":\"Premios Talento 2024\"}]},{\"@type\":\"WebSite\",\"@id\":\"https:\\\/\\\/observatorio.clusteraudiovisualmadrid.es\\\/#website\",\"url\":\"https:\\\/\\\/observatorio.clusteraudiovisualmadrid.es\\\/\",\"name\":\"Observatorio Cl\u00faster Audiovisual Madrid\",\"description\":\"\",\"publisher\":{\"@id\":\"https:\\\/\\\/observatorio.clusteraudiovisualmadrid.es\\\/#organization\"},\"potentialAction\":[{\"@type\":\"SearchAction\",\"target\":{\"@type\":\"EntryPoint\",\"urlTemplate\":\"https:\\\/\\\/observatorio.clusteraudiovisualmadrid.es\\\/?s={search_term_string}\"},\"query-input\":{\"@type\":\"PropertyValueSpecification\",\"valueRequired\":true,\"valueName\":\"search_term_string\"}}],\"inLanguage\":\"en-US\"},{\"@type\":\"Organization\",\"@id\":\"https:\\\/\\\/observatorio.clusteraudiovisualmadrid.es\\\/#organization\",\"name\":\"Observatorio Cl\u00faster Audiovisual Madrid\",\"url\":\"https:\\\/\\\/observatorio.clusteraudiovisualmadrid.es\\\/\",\"logo\":{\"@type\":\"ImageObject\",\"inLanguage\":\"en-US\",\"@id\":\"https:\\\/\\\/observatorio.clusteraudiovisualmadrid.es\\\/#\\\/schema\\\/logo\\\/image\\\/\",\"url\":\"https:\\\/\\\/observatorio.clusteraudiovisualmadrid.es\\\/wp-content\\\/uploads\\\/2025\\\/09\\\/cropped-cropped-logo-Observatorio-Horizontal.png\",\"contentUrl\":\"https:\\\/\\\/observatorio.clusteraudiovisualmadrid.es\\\/wp-content\\\/uploads\\\/2025\\\/09\\\/cropped-cropped-logo-Observatorio-Horizontal.png\",\"width\":695,\"height\":359,\"caption\":\"Observatorio Cl\u00faster Audiovisual Madrid\"},\"image\":{\"@id\":\"https:\\\/\\\/observatorio.clusteraudiovisualmadrid.es\\\/#\\\/schema\\\/logo\\\/image\\\/\"}}]}<\/script>\n<!-- \/ Yoast SEO plugin. -->","yoast_head_json":{"title":"Premios Talento 2024 - Observatorio Cl\u00faster Audiovisual Madrid","robots":{"index":"index","follow":"follow","max-snippet":"max-snippet:-1","max-image-preview":"max-image-preview:large","max-video-preview":"max-video-preview:-1"},"canonical":"https:\/\/observatorio.clusteraudiovisualmadrid.es\/evento\/premios-talento-2024\/","og_locale":"en_US","og_type":"article","og_title":"Premios Talento 2024 - Observatorio Cl\u00faster Audiovisual Madrid","og_description":"Los Premios Talento, constituidos por la Academia de Televisi\u00f3n y de las Ciencias y las Artes del Audiovisual, reconocen el trabajo de aquellos profesionales dedicados al medio, cuya labor entre [&hellip;]","og_url":"https:\/\/observatorio.clusteraudiovisualmadrid.es\/evento\/premios-talento-2024\/","og_site_name":"Observatorio Cl\u00faster Audiovisual Madrid","og_image":[{"width":300,"height":300,"url":"https:\/\/observatorio.clusteraudiovisualmadrid.es\/wp-content\/uploads\/2025\/09\/logo-premios-talento-2025.jpg","type":"image\/jpeg"}],"twitter_card":"summary_large_image","schema":{"@context":"https:\/\/schema.org","@graph":[{"@type":"WebPage","@id":"https:\/\/observatorio.clusteraudiovisualmadrid.es\/evento\/premios-talento-2024\/","url":"https:\/\/observatorio.clusteraudiovisualmadrid.es\/evento\/premios-talento-2024\/","name":"Premios Talento 2024 - Observatorio Cl\u00faster Audiovisual Madrid","isPartOf":{"@id":"https:\/\/observatorio.clusteraudiovisualmadrid.es\/#website"},"primaryImageOfPage":{"@id":"https:\/\/observatorio.clusteraudiovisualmadrid.es\/evento\/premios-talento-2024\/#primaryimage"},"image":{"@id":"https:\/\/observatorio.clusteraudiovisualmadrid.es\/evento\/premios-talento-2024\/#primaryimage"},"thumbnailUrl":"https:\/\/observatorio.clusteraudiovisualmadrid.es\/wp-content\/uploads\/2025\/09\/logo-premios-talento-2025.jpg","datePublished":"2025-09-15T11:11:36+00:00","breadcrumb":{"@id":"https:\/\/observatorio.clusteraudiovisualmadrid.es\/evento\/premios-talento-2024\/#breadcrumb"},"inLanguage":"en-US","potentialAction":[{"@type":"ReadAction","target":["https:\/\/observatorio.clusteraudiovisualmadrid.es\/evento\/premios-talento-2024\/"]}]},{"@type":"ImageObject","inLanguage":"en-US","@id":"https:\/\/observatorio.clusteraudiovisualmadrid.es\/evento\/premios-talento-2024\/#primaryimage","url":"https:\/\/observatorio.clusteraudiovisualmadrid.es\/wp-content\/uploads\/2025\/09\/logo-premios-talento-2025.jpg","contentUrl":"https:\/\/observatorio.clusteraudiovisualmadrid.es\/wp-content\/uploads\/2025\/09\/logo-premios-talento-2025.jpg","width":300,"height":300},{"@type":"BreadcrumbList","@id":"https:\/\/observatorio.clusteraudiovisualmadrid.es\/evento\/premios-talento-2024\/#breadcrumb","itemListElement":[{"@type":"ListItem","position":1,"name":"Portada","item":"https:\/\/observatorio.clusteraudiovisualmadrid.es\/"},{"@type":"ListItem","position":2,"name":"Eventos","item":"https:\/\/observatorio.clusteraudiovisualmadrid.es\/eventos\/"},{"@type":"ListItem","position":3,"name":"Premios Talento 2024"}]},{"@type":"WebSite","@id":"https:\/\/observatorio.clusteraudiovisualmadrid.es\/#website","url":"https:\/\/observatorio.clusteraudiovisualmadrid.es\/","name":"Observatorio Cl\u00faster Audiovisual Madrid","description":"","publisher":{"@id":"https:\/\/observatorio.clusteraudiovisualmadrid.es\/#organization"},"potentialAction":[{"@type":"SearchAction","target":{"@type":"EntryPoint","urlTemplate":"https:\/\/observatorio.clusteraudiovisualmadrid.es\/?s={search_term_string}"},"query-input":{"@type":"PropertyValueSpecification","valueRequired":true,"valueName":"search_term_string"}}],"inLanguage":"en-US"},{"@type":"Organization","@id":"https:\/\/observatorio.clusteraudiovisualmadrid.es\/#organization","name":"Observatorio Cl\u00faster Audiovisual Madrid","url":"https:\/\/observatorio.clusteraudiovisualmadrid.es\/","logo":{"@type":"ImageObject","inLanguage":"en-US","@id":"https:\/\/observatorio.clusteraudiovisualmadrid.es\/#\/schema\/logo\/image\/","url":"https:\/\/observatorio.clusteraudiovisualmadrid.es\/wp-content\/uploads\/2025\/09\/cropped-cropped-logo-Observatorio-Horizontal.png","contentUrl":"https:\/\/observatorio.clusteraudiovisualmadrid.es\/wp-content\/uploads\/2025\/09\/cropped-cropped-logo-Observatorio-Horizontal.png","width":695,"height":359,"caption":"Observatorio Cl\u00faster Audiovisual Madrid"},"image":{"@id":"https:\/\/observatorio.clusteraudiovisualmadrid.es\/#\/schema\/logo\/image\/"}}]}},"_links":{"self":[{"href":"https:\/\/observatorio.clusteraudiovisualmadrid.es\/en\/wp-json\/wp\/v2\/tribe_events\/678","targetHints":{"allow":["GET"]}}],"collection":[{"href":"https:\/\/observatorio.clusteraudiovisualmadrid.es\/en\/wp-json\/wp\/v2\/tribe_events"}],"about":[{"href":"https:\/\/observatorio.clusteraudiovisualmadrid.es\/en\/wp-json\/wp\/v2\/types\/tribe_events"}],"author":[{"embeddable":true,"href":"https:\/\/observatorio.clusteraudiovisualmadrid.es\/en\/wp-json\/wp\/v2\/users\/1"}],"version-history":[{"count":1,"href":"https:\/\/observatorio.clusteraudiovisualmadrid.es\/en\/wp-json\/wp\/v2\/tribe_events\/678\/revisions"}],"predecessor-version":[{"id":694,"href":"https:\/\/observatorio.clusteraudiovisualmadrid.es\/en\/wp-json\/wp\/v2\/tribe_events\/678\/revisions\/694"}],"wp:featuredmedia":[{"embeddable":true,"href":"https:\/\/observatorio.clusteraudiovisualmadrid.es\/en\/wp-json\/wp\/v2\/media\/195"}],"wp:attachment":[{"href":"https:\/\/observatorio.clusteraudiovisualmadrid.es\/en\/wp-json\/wp\/v2\/media?parent=678"}],"wp:term":[{"taxonomy":"post_tag","embeddable":true,"href":"https:\/\/observatorio.clusteraudiovisualmadrid.es\/en\/wp-json\/wp\/v2\/tags?post=678"},{"taxonomy":"tribe_events_cat","embeddable":true,"href":"https:\/\/observatorio.clusteraudiovisualmadrid.es\/en\/wp-json\/wp\/v2\/tribe_events_cat?post=678"}],"curies":[{"name":"wp","href":"https:\/\/api.w.org\/{rel}","templated":true}]}}

<p><span data-sheets-root="1">Los Premios Talento, constituidos por la Academia de Televisión y de las Ciencias y las Artes del Audiovisual, reconocen el trabajo de aquellos profesionales dedicados al medio, cuya labor entre bastidores, detrás de la cámara, haya resultado merecedora del reconocimiento público. Los galardones se conceden anualmente a estos profesionales, con la virtud de ser propuestos por sus compañeros de profesión. (Fuente: AcademiaTV)</span></p>

<p>Los Premios Talento, constituidos por la Academia de Televisión y de las Ciencias y las Artes del Audiovisual, reconocen el trabajo de aquellos profesionales dedicados al medio, cuya labor entre [&hellip;]</p>

<!-- This site is optimized with the Yoast SEO plugin v27.3 - https://yoast.com/product/yoast-seo-wordpress/ -->
<title>Premios Talento 2024 - Observatorio Clúster Audiovisual Madrid</title>
<meta name="robots" content="index, follow, max-snippet:-1, max-image-preview:large, max-video-preview:-1" />
<link rel="canonical" href="https://observatorio.clusteraudiovisualmadrid.es/evento/premios-talento-2024/" />
<meta property="og:locale" content="en_US" />
<meta property="og:type" content="article" />
<meta property="og:title" content="Premios Talento 2024 - Observatorio Clúster Audiovisual Madrid" />
<meta property="og:description" content="Los Premios Talento, constituidos por la Academia de Televisión y de las Ciencias y las Artes del Audiovisual, reconocen el trabajo de aquellos profesionales dedicados al medio, cuya labor entre [&hellip;]" />
<meta property="og:url" content="https://observatorio.clusteraudiovisualmadrid.es/evento/premios-talento-2024/" />
<meta property="og:site_name" content="Observatorio Clúster Audiovisual Madrid" />
<meta property="og:image" content="https://observatorio.clusteraudiovisualmadrid.es/wp-content/uploads/2025/09/logo-premios-talento-2025.jpg" />
	<meta property="og:image:width" content="300" />
	<meta property="og:image:height" content="300" />
	<meta property="og:image:type" content="image/jpeg" />
<meta name="twitter:card" content="summary_large_image" />
<script type="application/ld+json" class="yoast-schema-graph">{"@context":"https:\/\/schema.org","@graph":[{"@type":"WebPage","@id":"https:\/\/observatorio.clusteraudiovisualmadrid.es\/evento\/premios-talento-2024\/","url":"https:\/\/observatorio.clusteraudiovisualmadrid.es\/evento\/premios-talento-2024\/","name":"Premios Talento 2024 - Observatorio Clúster Audiovisual Madrid","isPartOf":{"@id":"https:\/\/observatorio.clusteraudiovisualmadrid.es\/#website"},"primaryImageOfPage":{"@id":"https:\/\/observatorio.clusteraudiovisualmadrid.es\/evento\/premios-talento-2024\/#primaryimage"},"image":{"@id":"https:\/\/observatorio.clusteraudiovisualmadrid.es\/evento\/premios-talento-2024\/#primaryimage"},"thumbnailUrl":"https:\/\/observatorio.clusteraudiovisualmadrid.es\/wp-content\/uploads\/2025\/09\/logo-premios-talento-2025.jpg","datePublished":"2025-09-15T11:11:36+00:00","breadcrumb":{"@id":"https:\/\/observatorio.clusteraudiovisualmadrid.es\/evento\/premios-talento-2024\/#breadcrumb"},"inLanguage":"en-US","potentialAction":[{"@type":"ReadAction","target":["https:\/\/observatorio.clusteraudiovisualmadrid.es\/evento\/premios-talento-2024\/"]}]},{"@type":"ImageObject","inLanguage":"en-US","@id":"https:\/\/observatorio.clusteraudiovisualmadrid.es\/evento\/premios-talento-2024\/#primaryimage","url":"https:\/\/observatorio.clusteraudiovisualmadrid.es\/wp-content\/uploads\/2025\/09\/logo-premios-talento-2025.jpg","contentUrl":"https:\/\/observatorio.clusteraudiovisualmadrid.es\/wp-content\/uploads\/2025\/09\/logo-premios-talento-2025.jpg","width":300,"height":300},{"@type":"BreadcrumbList","@id":"https:\/\/observatorio.clusteraudiovisualmadrid.es\/evento\/premios-talento-2024\/#breadcrumb","itemListElement":[{"@type":"ListItem","position":1,"name":"Portada","item":"https:\/\/observatorio.clusteraudiovisualmadrid.es\/"},{"@type":"ListItem","position":2,"name":"Eventos","item":"https:\/\/observatorio.clusteraudiovisualmadrid.es\/eventos\/"},{"@type":"ListItem","position":3,"name":"Premios Talento 2024"}]},{"@type":"WebSite","@id":"https:\/\/observatorio.clusteraudiovisualmadrid.es\/#website","url":"https:\/\/observatorio.clusteraudiovisualmadrid.es\/","name":"Observatorio Clúster Audiovisual Madrid","description":"","publisher":{"@id":"https:\/\/observatorio.clusteraudiovisualmadrid.es\/#organization"},"potentialAction":[{"@type":"SearchAction","target":{"@type":"EntryPoint","urlTemplate":"https:\/\/observatorio.clusteraudiovisualmadrid.es\/?s={search_term_string}"},"query-input":{"@type":"PropertyValueSpecification","valueRequired":true,"valueName":"search_term_string"}}],"inLanguage":"en-US"},{"@type":"Organization","@id":"https:\/\/observatorio.clusteraudiovisualmadrid.es\/#organization","name":"Observatorio Clúster Audiovisual Madrid","url":"https:\/\/observatorio.clusteraudiovisualmadrid.es\/","logo":{"@type":"ImageObject","inLanguage":"en-US","@id":"https:\/\/observatorio.clusteraudiovisualmadrid.es\/#\/schema\/logo\/image\/","url":"https:\/\/observatorio.clusteraudiovisualmadrid.es\/wp-content\/uploads\/2025\/09\/cropped-cropped-logo-Observatorio-Horizontal.png","contentUrl":"https:\/\/observatorio.clusteraudiovisualmadrid.es\/wp-content\/uploads\/2025\/09\/cropped-cropped-logo-Observatorio-Horizontal.png","width":695,"height":359,"caption":"Observatorio Clúster Audiovisual Madrid"},"image":{"@id":"https:\/\/observatorio.clusteraudiovisualmadrid.es\/#\/schema\/logo\/image\/"}}]}</script>
<!-- / Yoast SEO plugin. -->

Premios Talento 2024 - Observatorio Clúster Audiovisual Madrid

Los Premios Talento, constituidos por la Academia de Televisión y de las Ciencias y las Artes del Audiovisual, reconocen el trabajo de aquellos profesionales dedicados al medio, cuya labor entre [&hellip;]

Observatorio Clúster Audiovisual Madrid
